{"id":73,"date":"2020-02-01T18:27:48","date_gmt":"2020-02-01T18:27:48","guid":{"rendered":"http:\/\/www.apdfdej.ro\/?page_id=73"},"modified":"2023-12-26T17:02:15","modified_gmt":"2023-12-26T17:02:15","slug":"formular-230","status":"publish","type":"page","link":"https:\/\/www.apdfdej.ro\/index.php\/formular-230\/","title":{"rendered":"Formular 230"},"content":{"rendered":"\n<p>Organiza\u021biile non profit prin defini\u021bie desf\u0103\u0219oar\u0103 activit\u0103\u021bi \u00een alte scopuri dec\u00e2t c\u0103\u0219tigul financiar financiar al ac\u021bionarilor. Astfel c\u0103 toate veniturile ob\u021binute de o asocia\u021bie sunt \u00eendreptate strict pentru proiectele asocia\u021biei, dar \u0219i pentru a acoperi cheltuielile cu utilit\u0103\u021bile.<\/p>\n\n\n\n<p>Avem nevoie de sprijinul vostru, redirec\u021bion\u00e2nd 3,5% din impozitul pe profit asocia\u021biei noastre pute\u021bi sus\u021bine cauza persoanelor cu dizabilit\u0103\u021bi din Dej, d\u00e2ndu-le astfel o \u0219ans\u0103 pentru o via\u021b\u0103 mai decent\u0103<\/p>\n\n\n\n<p>Descarc\u0103 formularul de de mai jos, printeaz\u0103-l \u0219i apoi depune-l la Administra\u021bia Financiar\u0103 din localitate, sau returna\u021bi-l completat dac\u0103 sunte\u021bi din Dej \u0219i \u00eel vom depune noi.<\/p>\n\n\n\n<p>Dureaz\u0103 c\u00e2teva minute, \u00eens\u0103 v\u0103 vom r\u0103m\u00e2ne recunosc\u0103tori pentru gestul vostru.<\/p>\n\n\n\n<ul><li>Daca doriti completarea online a formularului 230 urmeaza linkul<\/li><a rel=\"noreferrer noopener\" href=\"https:\/\/formular230.ro\/asociatia-persoanelor-cu-disabilitati-fizice-dej\" target=\"_blank\"><strong>Formular 230 Online<\/strong><\/a><\/li><\/ul>\n\n\n\n<ul class=\"wp-block-list\"><li>Descarca formularul editabil si deschide-l cu Adobe Acrobat Reader, apoi poate fi validat <span class=\"wp-block-file\"><a href=\"http:\/\/www.apdfdej.ro\/wp-content\/uploads\/2023\/12\/D230_v1.0.7_20042023-APDFDEJ.pdf\"><strong>Formular-230 Editabil<\/strong><\/a><\/span><\/li><\/ul>\n\n\n\n<ul class=\"wp-block-list\"><li>Descarca formularul printabil, tipareste-l si apoi completeaza-l <span class=\"wp-block-file\"><a href=\"http:\/\/www.apdfdej.ro\/wp-content\/uploads\/2023\/12\/formar230-pritabil-standard.pdf\"><strong>Formular-230 Printabil<\/strong><\/a><\/span><\/li><\/ul>\n\n\n\n<p><\/p>\n\n\n\n<p>Contact:<\/p>\n\n\n\n<p>Andrei Mure\u0219anu &#8211; pre\u0219edinte<br>tel.0723 206 788<br><br>Sergiu Neamt &#8211; vicepre\u0219edinte<br>tel. 0744 873 103<br><br>Cristi Zeic &#8211; vicepre\u0219edinte<br>tel. 0762 479 349<br><\/p>\n","protected":false},"excerpt":{"rendered":"<p>Organiza\u021biile non profit prin defini\u021bie desf\u0103\u0219oar\u0103 activit\u0103\u021bi \u00een alte scopuri dec\u00e2t c\u0103\u0219tigul financiar financiar al ac\u021bionarilor. Astfel c\u0103 toate veniturile ob\u021binute de o asocia\u021bie sunt \u00eendreptate strict pentru proiectele asocia\u021biei, dar \u0219i pentru a acoperi cheltuielile cu utilit\u0103\u021bile. Avem nevoie de sprijinul vostru, redirec\u021bion\u00e2nd 3,5% din impozitul pe profit asocia\u021biei noastre pute\u021bi sus\u021bine cauza persoanelor <a href=\"https:\/\/www.apdfdej.ro\/index.php\/formular-230\/\" rel=\"nofollow\"><span class=\"sr-only\">Read more about Formular 230<\/span>[&#8230;]<\/a><\/p>\n","protected":false},"author":1,"featured_media":0,"parent":0,"menu_order":0,"comment_status":"closed","ping_status":"closed","template":"","meta":{"om_disable_all_campaigns":false,"footnotes":""},"class_list":["post-73","page","type-page","status-publish","hentry"],"jetpack_sharing_enabled":true,"_links":{"self":[{"href":"https:\/\/www.apdfdej.ro\/index.php\/wp-json\/wp\/v2\/pages\/73","targetHints":{"allow":["GET"]}}],"collection":[{"href":"https:\/\/www.apdfdej.ro\/index.php\/wp-json\/wp\/v2\/pages"}],"about":[{"href":"https:\/\/www.apdfdej.ro\/index.php\/wp-json\/wp\/v2\/types\/page"}],"author":[{"embeddable":true,"href":"https:\/\/www.apdfdej.ro\/index.php\/wp-json\/wp\/v2\/users\/1"}],"replies":[{"embeddable":true,"href":"https:\/\/www.apdfdej.ro\/index.php\/wp-json\/wp\/v2\/comments?post=73"}],"version-history":[{"count":9,"href":"https:\/\/www.apdfdej.ro\/index.php\/wp-json\/wp\/v2\/pages\/73\/revisions"}],"predecessor-version":[{"id":94,"href":"https:\/\/www.apdfdej.ro\/index.php\/wp-json\/wp\/v2\/pages\/73\/revisions\/94"}],"wp:attachment":[{"href":"https:\/\/www.apdfdej.ro\/index.php\/wp-json\/wp\/v2\/media?parent=73"}],"curies":[{"name":"wp","href":"https:\/\/api.w.org\/{rel}","templated":true}]}}